= 5*z - 114713. What is the tens digit of z?
3
Let u(t) = -24*t + 4. Let z(w) = w - 3. Let y be z(-1). Let s be u(y). Let m = s - 44. What is the tens digit of m?
5
Let l(w) = w**3 + 19*w**2 - 11*w + 31. What is the tens digit of l(12)?
6
Let s(r) = 14*r - 29. Let h be s(19). Suppose -3*u = -0*u - h. What is the tens digit of u?
7
Suppose 9*m - 5*m = -10*m + 171430. What is the ten thousands digit of m?
1
What is the units digit of 5/((-30)/246)*-113?
3
Suppose 6836259 = 50*h + 218*h - 7890073. What is the hundreds digit of h?
9
Suppose 2*n - 13*n = 6*n - 172346. What is the ten thousands digit of n?
1
Let p be 8/12*-3 + 38. Let z = p + -32. What is the tens digit of 214/z + 3/6?
5
Let i(f) = 4*f**3 - 6*f + 12. Suppose -25 = -5*g - h, 5*g - 3*h = -h + 25. What is the tens digit of i(g)?
8
Let q be 2/(-12)*-4754 + 6/(-18). Suppose 7*p - q = -2*p. What is the units digit of p?
8
Let o = 7 + 11. Let j = o + 9. Let u = j - 19. What is the units digit of u?
8
What is the thousands digit of (-115)/46*22416/(-30)?
1
Suppose p + 5*q = 5, 0 = 4*p + q + 4*q - 95. Let l(c) = 2*c - 34 - 13*c + 10 - p. What is the hundreds digit of l(-18)?
1
Let j = 121 - -425. Suppose -11*m = d - 7*m - j, -5*d = 3*m - 2645. What is the units digit of d?
6
Let d(v) = 861*v + 60. What is the thousands digit of d(8)?
6
Suppose 0 = -c + c + 8*c. Suppose -337*j + 330*j + 8953 = c. What is the hundreds digit of j?
2
What is the thousands digit of (-72)/(-27)*(-11043)/(-12)?
2
What is the tens digit of 22*(-8)/16 - -67710?
9
Suppose 5*u + r + 35 = 0, 17 + 8 = 5*r. Let t(n) = -n**3 + 3*n**2 + 13*n + 20. What is the hundreds digit of t(u)?
6
Suppose -3 = -4*j + 3*j. Suppose -1 = -o - 2*w, w = j*o - 5*o + 5. Suppose 4*u = 4*g + 260, -2*u - 2*u + o*g = -261. What is the units digit of u?
6
Let a = 48 - 46. Let t(g) = 324*g**2 - 9*g - 8. What is the hundreds digit of t(a)?
2
Let c(d) = 13*d**3 - 17*d**2 - 32*d + 43. What is the hundreds digit of c(15)?
6
Suppose 4*f - 156975 = -87*f. What is the thousands digit of f?
1
Let y = 21837 + -9365. What is the thousands digit of y?
2
Suppose -3*w = -25 - 92. Suppose -35 - w = -p. What is the units digit of p?
4
Suppose -z = z + 2*c - 6, 12 = 5*z + 4*c. Suppose -2*h = -w - 553, 2*w - 556 = -2*h - z*w. What is the tens digit of h?
7
Suppose 0 = -r + 4*z + 41977, 28*z - 83912 = -2*r + 30*z. What is the units digit of r?
9
Suppose 3*v + 3*p = -15, -3*v + 0*v = -2*p - 10. Suppose 5*h = -5, v = -2*n - 4*h - h + 43. What is the units digit of n?
4
What is the ten thousands digit of 904994/11 + 2/(-11) - 0?
8
Let u = -122 + 236. Suppose -16*w + 2*w = -2702. Let z = w - u. What is the units digit of z?
9
Suppose 0 = 6*x - 10381 - 34290 - 25973. What is the ten thousands digit of x?
1
Suppose -8*v + 228 = -2*v. Let h = v - -28. Suppose -5*w - 121 = -4*i, 0 = -4*i - 5*w + 45 + h. What is the units digit of i?
9
Let u(l) = l**3 - 5*l**2 - 3*l + 30. Let t be u(12). Suppose -4*g = x - 97 - 407, 2*x + 5*g - t = 0. What is the tens digit of x?
9
Let l be -12*(16/6 + -2). Let q(u) = -2*u**2 - 4*u - 2. Let r(f) = 3*f**2 + 8*f + 5. Let s(i) = -5*q(i) - 3*r(i). What is the tens digit of s(l)?
9
Let m = -5081 - -8182. What is the tens digit of m?
0
Let u = 163 + -175. What is the hundreds digit of 32/u*177/(-4)?
1
Suppose -84455 = -8*y - 11*y. What is the tens digit of -1 - (-10)/6 - y/(-15)?
9
Let z(p) = 56*p**2 - 196*p - 3348. What is the ten thousands digit of z(-20)?
2
Suppose 3*q - 3*b = 42, 4*b - 3*b - 40 = -5*q. Suppose -q*w = -6*w - 477. Suppose -2*f + 132 = i + 2*i, -3*f - w = -4*i. What is the units digit of i?
2
Let h(w) = 86*w**2 - 14*w - 145. What is the tens digit of h(-9)?
4
Let d be 3/4 - 3780/(-16). Let k = -68 + d. Suppose 5*b - k = 151. What is the units digit of b?
4
Suppose -5*k + 4*r + 3170 = -4*k, -6295 = -2*k - r. Suppose -20 = 5*j, u - 6*u + k = -5*j. What is the tens digit of u?
2
Suppose 9*f - 3106 = 7064. Suppose -2*t = 2*h - 1188 + 46, 4*h = 2*t - f. What is the hundreds digit of t?
5
Let w = 8446 - 4478. What is the hundreds digit of w?
9
What is the thousands digit of (-1)/7 - (-6185361)/637?
9
Suppose -4*p = -5*p - 93. Let q = -88 - p. Suppose 2*y = q*y - 522. What is the hundreds digit of y?
1
Suppose -2*w + 173 = 2*w + 3*y, 0 = 4*w - 3*y - 179. Suppose 0 = 4*d - 116 - 44. Let i = d + w. What is the units digit of i?
4
Let d(y) = y**3 + 32*y**2 + 22*y + 31. What is the hundreds digit of d(-26)?
5
Suppose 0*y = 5*y + 10, -4*j + y - 3054 = 0. Let a = j - -1314. What is the hundreds digit of a?
5
Let r(k) = 2*k**3 - 5*k**2 - 7. Let p be r(3). Suppose h + 642 = p*f, -h - 2*h - 326 = -f. Let x = f + -228. What is the units digit of x?
2
What is the tens digit of (-18742*(-8)/(-12))/(4/(-3))?
7
Suppose -3*d + 15990 = -s, -5*s - 1246 - 4056 = -d. What is the tens digit of d?
3
Suppose -6*w + 15 = -3. Suppose -i - 1008 = -w*i. Suppose 7*m - i = m. What is the units digit of m?
4
Suppose 29 = 2*n + 23. Suppose -5*a - 2*i - 3*i = -1010, 794 = 4*a - n*i. What is the hundreds digit of a?
2
Let d = 501 - 159. Suppose d = -6*o + 7*o. What is the hundreds digit of o?
3
Let u be (-4)/(1 - 20/12). Suppose -621 = -u*y + 3*y + 4*t, 4*y - 818 = 2*t. What is the units digit of y?
3
Let c(d) = -16*d**3 + 4 - 4*d**3 + 0. Let q be c(-2). Suppose 8*f - 28 - q = 0. What is the units digit of f?
4
Suppose 12*g = 35 - 11. Let h(n) = 19*n - 8. Let t be h(g). Suppose t = p - 63. What is the tens digit of p?
9
Suppose -7*g - 20292 = -19*g. Suppose 0 = -4*m - 4*b + 2252, 3*m - g = -0*b - 2*b. What is the tens digit of m?
6
Suppose -3*y = -2*f - 934, 5*y - f - 2559 + 1007 = 0. Let s = y + 199. What is the units digit of s?
9
What is the units digit of 2/(6/(-213795))*(-300)/750?
6
Suppose -16164 = m + 8*m. Let u = 2559 + m. What is the tens digit of u?
6
Let w = -11836 - -21976. What is the ten thousands digit of w?
1
Suppose -24*k + 446525 = k. Suppose k = 16*n - 6411. What is the units digit of n?
7
Let x = -36005 + 50570. What is the hundreds digit of x?
5
Let t = 215 + -30. Let a = -26 + t. What is the units digit of a?
9
Let k = -189 - -2331. What is the units digit of k?
2
Let d = 11 - 4. Let b be 5/(-35) - (-2640)/d. Suppose 0 = 2*t + 7 - 1, 3*t + b = 4*f. What is the units digit of f?
2
Suppose 5*r = -2*h + 187052 + 76009, -210432 = -4*r + 4*h. What is the ten thousands digit of r?
5
Let i be (-46 - 0)*(-1 - -2). Let a = -56 - -185. Let l = a + i. What is the units digit of l?
3
Let p(b) = -3*b - 74. Let x be p(-22). Let g = 251 - x. What is the hundreds digit of g?
2
Suppose -12*s - 57 = -9. Let b be (0 - -2) + s*3630/(-12). Suppose n - 363 = -2*l, -5*l - 310 = -3*n - b. What is the tens digit of l?
8
Let f be 15 + -13 - 1*-101. Suppose 0 = 3*v - 2*v - f. What is the hundreds digit of 12/(-1 + -3) - -1*v?
1
Let w = 61 - 59. Let m be (-1)/w*(-16)/(-1). Let o(n) = n**3 + 9*n**2 - 6*n - 7. What is the hundreds digit of o(m)?
1
Let h(o) = 12*o**2 + 100*o - 463. What is the tens digit of h(5)?
3
Let u(b) = 10*b**3 - b + 2. Let v be u(1). Let g = v + -9. Suppose 6*c - 244 = g*c. What is the units digit of c?
1
Suppose 247*x - 243*x = -5*a + 342282, 0 = 3*a - x - 205342. What is the tens digit of a?
5
Let r = -17555 + 36389. What is the thousands digit of r?
8
Let a(h) = h**3 + 3*h**2 - 10*h + 4. Let v be a(2). Let k = v + 537. What is the units digit of k?
1
Suppose 83*t = 90*t - 12873. Let o = 3177 - t. What is the hundreds digit of o?
3
Suppose 6*w - 2*w - 4 = -4*q, -q + 4*w = 4. Suppose q = 6*x + 1614 - 4476. What is the units digit of x?
7
Let s = -105 - -103. Let p be ((-15)/10)/(s/1548). Suppose -h = -k + 292, 7*h = -4*k + 4*h + p. What is the tens digit of k?
9
What is the thousands digit of ((-1824)/3 + -2)*(-63675)/1125?
4
What is the hundreds digit of (1 - -42077) + 743 + -741?
0
Suppose 266867 = 26*w - 805633. Suppose 60*i - w = -6630. What is the hundreds digit of i?
5
Suppose i + 35 = j + 8, 2*i + 4*j = -60. Let o(n) = 2*n**2 + 44*n + 109. What is the tens digit of o(i)?
4
Suppose 2*a - 388604 = -4*w, 3*w + 3*a - 211684 = 79772. What is the tens digit of w/174 - (-1)/(-3)?
5
Suppose -471 - 44 = -5*d. Suppose -d*v - 2 = -101*v. What is the units digit of 4 + -5 - -13 - (v + -2)?
5
Let u(h) = -h**3 - 16*h**2 + 20*h + 2. Let a be u(-19). Let i